{"id":1547,"date":"2020-05-03T08:48:40","date_gmt":"2020-05-03T06:48:40","guid":{"rendered":"https:\/\/www.rnumerique.fr\/?page_id=1547"},"modified":"2020-05-03T09:05:39","modified_gmt":"2020-05-03T07:05:39","slug":"conseil-mot-de-passe","status":"publish","type":"page","link":"https:\/\/www.rnumerique.fr\/index.php\/conseil-mot-de-passe\/","title":{"rendered":"Conseil mot de passe"},"content":{"rendered":"<h3><img loading=\"lazy\" decoding=\"async\" class=\"size-full wp-image-43 alignleft\" src=\"https:\/\/www.rnumerique.fr\/wp-content\/uploads\/2017\/03\/blog-post-popular-01.jpg\" alt=\"\" width=\"270\" height=\"157\" srcset=\"https:\/\/www.rnumerique.fr\/wp-content\/uploads\/2017\/03\/blog-post-popular-01.jpg 270w, https:\/\/www.rnumerique.fr\/wp-content\/uploads\/2017\/03\/blog-post-popular-01-268x157.jpg 268w\" sizes=\"(max-width: 270px) 100vw, 270px\" \/>\u00ab\u00a0Je ne connais pas mon mot de passe\u2026\u00a0\u00bb<\/h3>\n<h4>Bien souvent quand on me confie un ordinateur qui a eu un souci important au niveau du syst\u00e8me, tous les mots de passe qui \u00e9taient m\u00e9moris\u00e9s pour internet sont perdus.<\/h4>\n<h4>Dans ce cas de figure, mes clients ne connaissent pas leur mot de passe car ils ne le notent jamais.<\/h4>\n<h4>Lors de la cr\u00e9ation d\u2019un compte, prenez l\u2019habitude d\u2019\u00e9crire sur un carnet les informations telles que le nom du site, votre identifiant et votre mot de passe.<\/h4>\n<h4>Je vous recommande aussi de ne pas toujours utiliser le m\u00eame identifiant et mot de passe.<\/h4>\n<h4>Et pour g\u00e9rer une grande quantit\u00e9 de mots de passe vous pouvez utiliser un gestionnaire de mots de passe.<\/h4>\n<h4>Soyez inventif et cr\u00e9ez des mots de passe complexes, il faut \u00e9viter des combinaisons telles que:<\/h4>\n<h4>Nom + pr\u00e9nom + date de naissance ou pr\u00e9nom + code postal.<\/h4>\n<h4>Un mot unique est \u00e0 proscrire, car il sera inefficace, il faut utiliser des mots de passe longs en associant des mots ou en cr\u00e9ant des phrases et ajouter des caract\u00e8res sp\u00e9ciaux + des chiffres.<\/h4>\n<h4>Ces quelques recommandations sont importantes pour votre s\u00e9curit\u00e9 en ligne.<\/h4>\n","protected":false},"excerpt":{"rendered":"<p>\u00ab\u00a0Je ne connais pas mon mot de passe\u2026\u00a0\u00bb Bien souvent quand on me confie un ordinateur qui a eu un souci important au niveau du syst\u00e8me, tous les mots de passe qui \u00e9taient m\u00e9moris\u00e9s pour internet sont perdus. Dans ce cas de figure, mes clients ne connaissent pas leur mot de passe car ils ne [&hellip;]<\/p>\n","protected":false},"author":1,"featured_media":0,"parent":0,"menu_order":0,"comment_status":"closed","ping_status":"closed","template":"","meta":{"footnotes":""},"yoast_head":"<!-- This site is optimized with the Yoast SEO plugin v21.6 - https:\/\/yoast.com\/wordpress\/plugins\/seo\/ -->\n<title>Conseil mot de passe - R Numerique<\/title>\n<meta name=\"robots\" content=\"index, follow, max-snippet:-1, max-image-preview:large, max-video-preview:-1\" \/>\n<link rel=\"canonical\" href=\"https:\/\/www.rnumerique.fr\/index.php\/conseil-mot-de-passe\/\" \/>\n<meta property=\"og:locale\" content=\"fr_FR\" \/>\n<meta property=\"og:type\" content=\"article\" \/>\n<meta property=\"og:title\" content=\"Conseil mot de passe - R Numerique\" \/>\n<meta property=\"og:description\" content=\"\u00ab\u00a0Je ne connais pas mon mot de passe\u2026\u00a0\u00bb Bien souvent quand on me confie un ordinateur qui a eu un souci important au niveau du syst\u00e8me, tous les mots de passe qui \u00e9taient m\u00e9moris\u00e9s pour internet sont perdus. Dans ce cas de figure, mes clients ne connaissent pas leur mot de passe car ils ne [&hellip;]\" \/>\n<meta property=\"og:url\" content=\"https:\/\/www.rnumerique.fr\/index.php\/conseil-mot-de-passe\/\" \/>\n<meta property=\"og:site_name\" content=\"R Numerique\" \/>\n<meta property=\"article:modified_time\" content=\"2020-05-03T07:05:39+00:00\" \/>\n<meta property=\"og:image\" content=\"https:\/\/www.rnumerique.fr\/wp-content\/uploads\/2017\/03\/blog-post-popular-01.jpg\" \/>\n<meta name=\"twitter:card\" content=\"summary_large_image\" \/>\n<meta name=\"twitter:label1\" content=\"Dur\u00e9e de lecture estim\u00e9e\" \/>\n\t<meta name=\"twitter:data1\" content=\"1 minute\" \/>\n<script type=\"application\/ld+json\" class=\"yoast-schema-graph\">{\"@context\":\"https:\/\/schema.org\",\"@graph\":[{\"@type\":\"WebPage\",\"@id\":\"https:\/\/www.rnumerique.fr\/index.php\/conseil-mot-de-passe\/\",\"url\":\"https:\/\/www.rnumerique.fr\/index.php\/conseil-mot-de-passe\/\",\"name\":\"Conseil mot de passe - R Numerique\",\"isPartOf\":{\"@id\":\"https:\/\/www.rnumerique.fr\/#website\"},\"datePublished\":\"2020-05-03T06:48:40+00:00\",\"dateModified\":\"2020-05-03T07:05:39+00:00\",\"breadcrumb\":{\"@id\":\"https:\/\/www.rnumerique.fr\/index.php\/conseil-mot-de-passe\/#breadcrumb\"},\"inLanguage\":\"fr-FR\",\"potentialAction\":[{\"@type\":\"ReadAction\",\"target\":[\"https:\/\/www.rnumerique.fr\/index.php\/conseil-mot-de-passe\/\"]}]},{\"@type\":\"BreadcrumbList\",\"@id\":\"https:\/\/www.rnumerique.fr\/index.php\/conseil-mot-de-passe\/#breadcrumb\",\"itemListElement\":[{\"@type\":\"ListItem\",\"position\":1,\"name\":\"Home\",\"item\":\"https:\/\/www.rnumerique.fr\/\"},{\"@type\":\"ListItem\",\"position\":2,\"name\":\"Conseil mot de passe\"}]},{\"@type\":\"WebSite\",\"@id\":\"https:\/\/www.rnumerique.fr\/#website\",\"url\":\"https:\/\/www.rnumerique.fr\/\",\"name\":\"R Numerique\",\"description\":\"R\u00e9paration Ordinateur Valence\",\"potentialAction\":[{\"@type\":\"SearchAction\",\"target\":{\"@type\":\"EntryPoint\",\"urlTemplate\":\"https:\/\/www.rnumerique.fr\/?s={search_term_string}\"},\"query-input\":\"required name=search_term_string\"}],\"inLanguage\":\"fr-FR\"}]}<\/script>\n<!-- \/ Yoast SEO plugin. -->","yoast_head_json":{"title":"Conseil mot de passe - R Numerique","robots":{"index":"index","follow":"follow","max-snippet":"max-snippet:-1","max-image-preview":"max-image-preview:large","max-video-preview":"max-video-preview:-1"},"canonical":"https:\/\/www.rnumerique.fr\/index.php\/conseil-mot-de-passe\/","og_locale":"fr_FR","og_type":"article","og_title":"Conseil mot de passe - R Numerique","og_description":"\u00ab\u00a0Je ne connais pas mon mot de passe\u2026\u00a0\u00bb Bien souvent quand on me confie un ordinateur qui a eu un souci important au niveau du syst\u00e8me, tous les mots de passe qui \u00e9taient m\u00e9moris\u00e9s pour internet sont perdus. Dans ce cas de figure, mes clients ne connaissent pas leur mot de passe car ils ne [&hellip;]","og_url":"https:\/\/www.rnumerique.fr\/index.php\/conseil-mot-de-passe\/","og_site_name":"R Numerique","article_modified_time":"2020-05-03T07:05:39+00:00","og_image":[{"url":"https:\/\/www.rnumerique.fr\/wp-content\/uploads\/2017\/03\/blog-post-popular-01.jpg"}],"twitter_card":"summary_large_image","twitter_misc":{"Dur\u00e9e de lecture estim\u00e9e":"1 minute"},"schema":{"@context":"https:\/\/schema.org","@graph":[{"@type":"WebPage","@id":"https:\/\/www.rnumerique.fr\/index.php\/conseil-mot-de-passe\/","url":"https:\/\/www.rnumerique.fr\/index.php\/conseil-mot-de-passe\/","name":"Conseil mot de passe - R Numerique","isPartOf":{"@id":"https:\/\/www.rnumerique.fr\/#website"},"datePublished":"2020-05-03T06:48:40+00:00","dateModified":"2020-05-03T07:05:39+00:00","breadcrumb":{"@id":"https:\/\/www.rnumerique.fr\/index.php\/conseil-mot-de-passe\/#breadcrumb"},"inLanguage":"fr-FR","potentialAction":[{"@type":"ReadAction","target":["https:\/\/www.rnumerique.fr\/index.php\/conseil-mot-de-passe\/"]}]},{"@type":"BreadcrumbList","@id":"https:\/\/www.rnumerique.fr\/index.php\/conseil-mot-de-passe\/#breadcrumb","itemListElement":[{"@type":"ListItem","position":1,"name":"Home","item":"https:\/\/www.rnumerique.fr\/"},{"@type":"ListItem","position":2,"name":"Conseil mot de passe"}]},{"@type":"WebSite","@id":"https:\/\/www.rnumerique.fr\/#website","url":"https:\/\/www.rnumerique.fr\/","name":"R Numerique","description":"R\u00e9paration Ordinateur Valence","potentialAction":[{"@type":"SearchAction","target":{"@type":"EntryPoint","urlTemplate":"https:\/\/www.rnumerique.fr\/?s={search_term_string}"},"query-input":"required name=search_term_string"}],"inLanguage":"fr-FR"}]}},"_links":{"self":[{"href":"https:\/\/www.rnumerique.fr\/index.php\/wp-json\/wp\/v2\/pages\/1547"}],"collection":[{"href":"https:\/\/www.rnumerique.fr\/index.php\/wp-json\/wp\/v2\/pages"}],"about":[{"href":"https:\/\/www.rnumerique.fr\/index.php\/wp-json\/wp\/v2\/types\/page"}],"author":[{"embeddable":true,"href":"https:\/\/www.rnumerique.fr\/index.php\/wp-json\/wp\/v2\/users\/1"}],"replies":[{"embeddable":true,"href":"https:\/\/www.rnumerique.fr\/index.php\/wp-json\/wp\/v2\/comments?post=1547"}],"version-history":[{"count":5,"href":"https:\/\/www.rnumerique.fr\/index.php\/wp-json\/wp\/v2\/pages\/1547\/revisions"}],"predecessor-version":[{"id":1556,"href":"https:\/\/www.rnumerique.fr\/index.php\/wp-json\/wp\/v2\/pages\/1547\/revisions\/1556"}],"wp:attachment":[{"href":"https:\/\/www.rnumerique.fr\/index.php\/wp-json\/wp\/v2\/media?parent=1547"}],"curies":[{"name":"wp","href":"https:\/\/api.w.org\/{rel}","templated":true}]}}