{"id":1559,"date":"2020-07-22T08:37:34","date_gmt":"2020-07-22T06:37:34","guid":{"rendered":"https:\/\/www.rnumerique.fr\/?page_id=1559"},"modified":"2020-07-22T08:37:35","modified_gmt":"2020-07-22T06:37:35","slug":"imac-et-macbook","status":"publish","type":"page","link":"https:\/\/www.rnumerique.fr\/index.php\/imac-et-macbook\/","title":{"rendered":"iMac et Macbook"},"content":{"rendered":"\n<div class=\"wp-block-media-text alignwide is-stacked-on-mobile\"><figure class=\"wp-block-media-text__media\"><img loading=\"lazy\" decoding=\"async\" width=\"370\" height=\"371\" src=\"https:\/\/www.rnumerique.fr\/wp-content\/uploads\/2017\/03\/category-img-01.jpg\" alt=\"\" class=\"wp-image-26\" srcset=\"https:\/\/www.rnumerique.fr\/wp-content\/uploads\/2017\/03\/category-img-01.jpg 370w, https:\/\/www.rnumerique.fr\/wp-content\/uploads\/2017\/03\/category-img-01-150x150.jpg 150w, https:\/\/www.rnumerique.fr\/wp-content\/uploads\/2017\/03\/category-img-01-300x300.jpg 300w, https:\/\/www.rnumerique.fr\/wp-content\/uploads\/2017\/03\/category-img-01-157x157.jpg 157w, https:\/\/www.rnumerique.fr\/wp-content\/uploads\/2017\/03\/category-img-01-268x268.jpg 268w, https:\/\/www.rnumerique.fr\/wp-content\/uploads\/2017\/03\/category-img-01-100x100.jpg 100w\" sizes=\"(max-width: 370px) 100vw, 370px\" \/><\/figure><div class=\"wp-block-media-text__content\">\n<p>Que vous ayez un iMac ou un Macbook, avec un syst\u00e8me el Captain, Sierra, Mojave ou Catalina, je suis en mesure de vous d\u00e9panner pour que tout fonctionne \u00e0 nouveau.<br>Cela fait plusieurs ann\u00e9es que je r\u00e9pare des syst\u00e8mes OSX et que j\u2019ai suivi toute leurs \u00e9volution.<br>N\u2019hesitez pas \u00e0 me contacter au\u00a0: 06 25 45 88 61<\/p>\n<\/div><\/div>\n","protected":false},"excerpt":{"rendered":"<p>Que vous ayez un iMac ou un Macbook, avec un syst\u00e8me el Captain, Sierra, Mojave ou Catalina, je suis en mesure de vous d\u00e9panner pour que tout fonctionne \u00e0 nouveau.Cela fait plusieurs ann\u00e9es que je r\u00e9pare des syst\u00e8mes OSX et que j\u2019ai suivi toute leurs \u00e9volution.N\u2019hesitez pas \u00e0 me contacter au\u00a0: 06 25 45 88 [&hellip;]<\/p>\n","protected":false},"author":1,"featured_media":0,"parent":0,"menu_order":0,"comment_status":"closed","ping_status":"closed","template":"","meta":{"footnotes":""},"yoast_head":"<!-- This site is optimized with the Yoast SEO plugin v21.6 - https:\/\/yoast.com\/wordpress\/plugins\/seo\/ -->\n<title>iMac et Macbook - R Numerique<\/title>\n<meta name=\"robots\" content=\"index, follow, max-snippet:-1, max-image-preview:large, max-video-preview:-1\" \/>\n<link rel=\"canonical\" href=\"https:\/\/www.rnumerique.fr\/index.php\/imac-et-macbook\/\" \/>\n<meta property=\"og:locale\" content=\"fr_FR\" \/>\n<meta property=\"og:type\" content=\"article\" \/>\n<meta property=\"og:title\" content=\"iMac et Macbook - R Numerique\" \/>\n<meta property=\"og:description\" content=\"Que vous ayez un iMac ou un Macbook, avec un syst\u00e8me el Captain, Sierra, Mojave ou Catalina, je suis en mesure de vous d\u00e9panner pour que tout fonctionne \u00e0 nouveau.Cela fait plusieurs ann\u00e9es que je r\u00e9pare des syst\u00e8mes OSX et que j\u2019ai suivi toute leurs \u00e9volution.N\u2019hesitez pas \u00e0 me contacter au\u00a0: 06 25 45 88 [&hellip;]\" \/>\n<meta property=\"og:url\" content=\"https:\/\/www.rnumerique.fr\/index.php\/imac-et-macbook\/\" \/>\n<meta property=\"og:site_name\" content=\"R Numerique\" \/>\n<meta property=\"article:modified_time\" content=\"2020-07-22T06:37:35+00:00\" \/>\n<meta property=\"og:image\" content=\"https:\/\/www.rnumerique.fr\/wp-content\/uploads\/2017\/03\/category-img-01.jpg\" \/>\n<meta name=\"twitter:card\" content=\"summary_large_image\" \/>\n<script type=\"application\/ld+json\" class=\"yoast-schema-graph\">{\"@context\":\"https:\/\/schema.org\",\"@graph\":[{\"@type\":\"WebPage\",\"@id\":\"https:\/\/www.rnumerique.fr\/index.php\/imac-et-macbook\/\",\"url\":\"https:\/\/www.rnumerique.fr\/index.php\/imac-et-macbook\/\",\"name\":\"iMac et Macbook - R Numerique\",\"isPartOf\":{\"@id\":\"https:\/\/www.rnumerique.fr\/#website\"},\"datePublished\":\"2020-07-22T06:37:34+00:00\",\"dateModified\":\"2020-07-22T06:37:35+00:00\",\"breadcrumb\":{\"@id\":\"https:\/\/www.rnumerique.fr\/index.php\/imac-et-macbook\/#breadcrumb\"},\"inLanguage\":\"fr-FR\",\"potentialAction\":[{\"@type\":\"ReadAction\",\"target\":[\"https:\/\/www.rnumerique.fr\/index.php\/imac-et-macbook\/\"]}]},{\"@type\":\"BreadcrumbList\",\"@id\":\"https:\/\/www.rnumerique.fr\/index.php\/imac-et-macbook\/#breadcrumb\",\"itemListElement\":[{\"@type\":\"ListItem\",\"position\":1,\"name\":\"Home\",\"item\":\"https:\/\/www.rnumerique.fr\/\"},{\"@type\":\"ListItem\",\"position\":2,\"name\":\"iMac et Macbook\"}]},{\"@type\":\"WebSite\",\"@id\":\"https:\/\/www.rnumerique.fr\/#website\",\"url\":\"https:\/\/www.rnumerique.fr\/\",\"name\":\"R Numerique\",\"description\":\"R\u00e9paration Ordinateur Valence\",\"potentialAction\":[{\"@type\":\"SearchAction\",\"target\":{\"@type\":\"EntryPoint\",\"urlTemplate\":\"https:\/\/www.rnumerique.fr\/?s={search_term_string}\"},\"query-input\":\"required name=search_term_string\"}],\"inLanguage\":\"fr-FR\"}]}<\/script>\n<!-- \/ Yoast SEO plugin. -->","yoast_head_json":{"title":"iMac et Macbook - R Numerique","robots":{"index":"index","follow":"follow","max-snippet":"max-snippet:-1","max-image-preview":"max-image-preview:large","max-video-preview":"max-video-preview:-1"},"canonical":"https:\/\/www.rnumerique.fr\/index.php\/imac-et-macbook\/","og_locale":"fr_FR","og_type":"article","og_title":"iMac et Macbook - R Numerique","og_description":"Que vous ayez un iMac ou un Macbook, avec un syst\u00e8me el Captain, Sierra, Mojave ou Catalina, je suis en mesure de vous d\u00e9panner pour que tout fonctionne \u00e0 nouveau.Cela fait plusieurs ann\u00e9es que je r\u00e9pare des syst\u00e8mes OSX et que j\u2019ai suivi toute leurs \u00e9volution.N\u2019hesitez pas \u00e0 me contacter au\u00a0: 06 25 45 88 [&hellip;]","og_url":"https:\/\/www.rnumerique.fr\/index.php\/imac-et-macbook\/","og_site_name":"R Numerique","article_modified_time":"2020-07-22T06:37:35+00:00","og_image":[{"url":"https:\/\/www.rnumerique.fr\/wp-content\/uploads\/2017\/03\/category-img-01.jpg"}],"twitter_card":"summary_large_image","schema":{"@context":"https:\/\/schema.org","@graph":[{"@type":"WebPage","@id":"https:\/\/www.rnumerique.fr\/index.php\/imac-et-macbook\/","url":"https:\/\/www.rnumerique.fr\/index.php\/imac-et-macbook\/","name":"iMac et Macbook - R Numerique","isPartOf":{"@id":"https:\/\/www.rnumerique.fr\/#website"},"datePublished":"2020-07-22T06:37:34+00:00","dateModified":"2020-07-22T06:37:35+00:00","breadcrumb":{"@id":"https:\/\/www.rnumerique.fr\/index.php\/imac-et-macbook\/#breadcrumb"},"inLanguage":"fr-FR","potentialAction":[{"@type":"ReadAction","target":["https:\/\/www.rnumerique.fr\/index.php\/imac-et-macbook\/"]}]},{"@type":"BreadcrumbList","@id":"https:\/\/www.rnumerique.fr\/index.php\/imac-et-macbook\/#breadcrumb","itemListElement":[{"@type":"ListItem","position":1,"name":"Home","item":"https:\/\/www.rnumerique.fr\/"},{"@type":"ListItem","position":2,"name":"iMac et Macbook"}]},{"@type":"WebSite","@id":"https:\/\/www.rnumerique.fr\/#website","url":"https:\/\/www.rnumerique.fr\/","name":"R Numerique","description":"R\u00e9paration Ordinateur Valence","potentialAction":[{"@type":"SearchAction","target":{"@type":"EntryPoint","urlTemplate":"https:\/\/www.rnumerique.fr\/?s={search_term_string}"},"query-input":"required name=search_term_string"}],"inLanguage":"fr-FR"}]}},"_links":{"self":[{"href":"https:\/\/www.rnumerique.fr\/index.php\/wp-json\/wp\/v2\/pages\/1559"}],"collection":[{"href":"https:\/\/www.rnumerique.fr\/index.php\/wp-json\/wp\/v2\/pages"}],"about":[{"href":"https:\/\/www.rnumerique.fr\/index.php\/wp-json\/wp\/v2\/types\/page"}],"author":[{"embeddable":true,"href":"https:\/\/www.rnumerique.fr\/index.php\/wp-json\/wp\/v2\/users\/1"}],"replies":[{"embeddable":true,"href":"https:\/\/www.rnumerique.fr\/index.php\/wp-json\/wp\/v2\/comments?post=1559"}],"version-history":[{"count":4,"href":"https:\/\/www.rnumerique.fr\/index.php\/wp-json\/wp\/v2\/pages\/1559\/revisions"}],"predecessor-version":[{"id":1563,"href":"https:\/\/www.rnumerique.fr\/index.php\/wp-json\/wp\/v2\/pages\/1559\/revisions\/1563"}],"wp:attachment":[{"href":"https:\/\/www.rnumerique.fr\/index.php\/wp-json\/wp\/v2\/media?parent=1559"}],"curies":[{"name":"wp","href":"https:\/\/api.w.org\/{rel}","templated":true}]}}

<div class="wp-block-media-text alignwide is-stacked-on-mobile"><figure class="wp-block-media-text__media"><img loading="lazy" decoding="async" width="370" height="371" src="https://www.rnumerique.fr/wp-content/uploads/2017/03/category-img-01.jpg" alt="" class="wp-image-26" srcset="https://www.rnumerique.fr/wp-content/uploads/2017/03/category-img-01.jpg 370w, https://www.rnumerique.fr/wp-content/uploads/2017/03/category-img-01-150x150.jpg 150w, https://www.rnumerique.fr/wp-content/uploads/2017/03/category-img-01-300x300.jpg 300w, https://www.rnumerique.fr/wp-content/uploads/2017/03/category-img-01-157x157.jpg 157w, https://www.rnumerique.fr/wp-content/uploads/2017/03/category-img-01-268x268.jpg 268w, https://www.rnumerique.fr/wp-content/uploads/2017/03/category-img-01-100x100.jpg 100w" sizes="(max-width: 370px) 100vw, 370px" /></figure><div class="wp-block-media-text__content">
<p>Que vous ayez un iMac ou un Macbook, avec un système el Captain, Sierra, Mojave ou Catalina, je suis en mesure de vous dépanner pour que tout fonctionne à nouveau.<br>Cela fait plusieurs années que je répare des systèmes OSX et que j’ai suivi toute leurs évolution.<br>N’hesitez pas à me contacter au : 06 25 45 88 61</p>
</div></div>

<p>Que vous ayez un iMac ou un Macbook, avec un système el Captain, Sierra, Mojave ou Catalina, je suis en mesure de vous dépanner pour que tout fonctionne à nouveau.Cela fait plusieurs années que je répare des systèmes OSX et que j’ai suivi toute leurs évolution.N’hesitez pas à me contacter au : 06 25 45 88 [&hellip;]</p>

<!-- This site is optimized with the Yoast SEO plugin v21.6 - https://yoast.com/wordpress/plugins/seo/ -->
<title>iMac et Macbook - R Numerique</title>
<meta name="robots" content="index, follow, max-snippet:-1, max-image-preview:large, max-video-preview:-1" />
<link rel="canonical" href="https://www.rnumerique.fr/index.php/imac-et-macbook/" />
<meta property="og:locale" content="fr_FR" />
<meta property="og:type" content="article" />
<meta property="og:title" content="iMac et Macbook - R Numerique" />
<meta property="og:description" content="Que vous ayez un iMac ou un Macbook, avec un système el Captain, Sierra, Mojave ou Catalina, je suis en mesure de vous dépanner pour que tout fonctionne à nouveau.Cela fait plusieurs années que je répare des systèmes OSX et que j’ai suivi toute leurs évolution.N’hesitez pas à me contacter au : 06 25 45 88 [&hellip;]" />
<meta property="og:url" content="https://www.rnumerique.fr/index.php/imac-et-macbook/" />
<meta property="og:site_name" content="R Numerique" />
<meta property="article:modified_time" content="2020-07-22T06:37:35+00:00" />
<meta property="og:image" content="https://www.rnumerique.fr/wp-content/uploads/2017/03/category-img-01.jpg" />
<meta name="twitter:card" content="summary_large_image" />
<script type="application/ld+json" class="yoast-schema-graph">{"@context":"https://schema.org","@graph":[{"@type":"WebPage","@id":"https://www.rnumerique.fr/index.php/imac-et-macbook/","url":"https://www.rnumerique.fr/index.php/imac-et-macbook/","name":"iMac et Macbook - R Numerique","isPartOf":{"@id":"https://www.rnumerique.fr/#website"},"datePublished":"2020-07-22T06:37:34+00:00","dateModified":"2020-07-22T06:37:35+00:00","breadcrumb":{"@id":"https://www.rnumerique.fr/index.php/imac-et-macbook/#breadcrumb"},"inLanguage":"fr-FR","potentialAction":[{"@type":"ReadAction","target":["https://www.rnumerique.fr/index.php/imac-et-macbook/"]}]},{"@type":"BreadcrumbList","@id":"https://www.rnumerique.fr/index.php/imac-et-macbook/#breadcrumb","itemListElement":[{"@type":"ListItem","position":1,"name":"Home","item":"https://www.rnumerique.fr/"},{"@type":"ListItem","position":2,"name":"iMac et Macbook"}]},{"@type":"WebSite","@id":"https://www.rnumerique.fr/#website","url":"https://www.rnumerique.fr/","name":"R Numerique","description":"Réparation Ordinateur Valence","potentialAction":[{"@type":"SearchAction","target":{"@type":"EntryPoint","urlTemplate":"https://www.rnumerique.fr/?s={search_term_string}"},"query-input":"required name=search_term_string"}],"inLanguage":"fr-FR"}]}</script>
<!-- / Yoast SEO plugin. -->

Que vous ayez un iMac ou un Macbook, avec un système el Captain, Sierra, Mojave ou Catalina, je suis en mesure de vous dépanner pour que tout fonctionne à nouveau.Cela fait plusieurs années que je répare des systèmes OSX et que j’ai suivi toute leurs évolution.N’hesitez pas à me contacter au : 06 25 45 88 [&hellip;]

Réparation Ordinateur Valence
