{"id":1692,"date":"2025-09-12T09:49:53","date_gmt":"2025-09-12T07:49:53","guid":{"rendered":"https:\/\/www.rnumerique.fr\/?page_id=1692"},"modified":"2025-09-12T09:49:55","modified_gmt":"2025-09-12T07:49:55","slug":"assistance-et-depannage-informatique-a-romans-bourg-de-peage-pizancon-chatuzange","status":"publish","type":"page","link":"https:\/\/www.rnumerique.fr\/index.php\/assistance-et-depannage-informatique-a-romans-bourg-de-peage-pizancon-chatuzange\/","title":{"rendered":"Assistance et d\u00e9pannage informatique \u00e0 Romans, Bourg-de-P\u00e9age, Pizan\u00e7on, Chatuzange"},"content":{"rendered":"\n<p><\/p>\n\n\n\n<p>Je propose le <strong>d\u00e9pannage informatique<\/strong> \u00e0 <strong>Romans-sur-Is\u00e8re, Bourg-de-P\u00e9age, Pizan\u00e7on et Chatuzange-le-Goubet<\/strong>.<br>R Numerique en tant que sp\u00e9cialiste informatique local, je suis \u00e0 votre disposition pour r\u00e9parer et entretenir votre ordinateur portable, PC ou Mac. Que vous soyez particulier ou professionnel, je me d\u00e9place chez vous ou vous accueille dans mon atelier pour une intervention rapide et adapt\u00e9e \u00e0 vos besoins.<\/p>\n\n\n\n<p>Je prends en charge les pannes mat\u00e9rielles et logicielles, la r\u00e9cup\u00e9ration de donn\u00e9es, la s\u00e9curisation et l\u2019optimisation de votre mat\u00e9riel informatique. Ma priorit\u00e9\u202f: vous garantir la confidentialit\u00e9 de vos donn\u00e9es et votre enti\u00e8re satisfaction \u00e0 chaque \u00e9tape du d\u00e9pannage.<\/p>\n\n\n\n<p>Contactez-moi pour tout besoin d\u2019assistance ou de r\u00e9paration\u202f: je vous accompagne dans votre quotidien num\u00e9rique sur Romans, Bourg-de-P\u00e9age, Pizan\u00e7on et Chatuzange-le-Goubet, et vous assure une remise en service de votre mat\u00e9riel dans les meilleurs d\u00e9lais<strong>.<\/strong><\/p>\n","protected":false},"excerpt":{"rendered":"<p>Je propose le d\u00e9pannage informatique \u00e0 Romans-sur-Is\u00e8re, Bourg-de-P\u00e9age, Pizan\u00e7on et Chatuzange-le-Goubet.R Numerique en tant que sp\u00e9cialiste informatique local, je suis \u00e0 votre disposition pour r\u00e9parer et entretenir votre ordinateur portable, PC ou Mac. Que vous soyez particulier ou professionnel, je me d\u00e9place chez vous ou vous accueille dans mon atelier pour une intervention rapide et [&hellip;]<\/p>\n","protected":false},"author":1,"featured_media":0,"parent":0,"menu_order":0,"comment_status":"closed","ping_status":"closed","template":"","meta":{"footnotes":""},"yoast_head":"<!-- This site is optimized with the Yoast SEO plugin v21.6 - https:\/\/yoast.com\/wordpress\/plugins\/seo\/ -->\n<title>Assistance et d\u00e9pannage informatique \u00e0 Romans, Bourg-de-P\u00e9age, Pizan\u00e7on, Chatuzange - R Numerique<\/title>\n<meta name=\"robots\" content=\"index, follow, max-snippet:-1, max-image-preview:large, max-video-preview:-1\" \/>\n<link rel=\"canonical\" href=\"https:\/\/www.rnumerique.fr\/index.php\/assistance-et-depannage-informatique-a-romans-bourg-de-peage-pizancon-chatuzange\/\" \/>\n<meta property=\"og:locale\" content=\"fr_FR\" \/>\n<meta property=\"og:type\" content=\"article\" \/>\n<meta property=\"og:title\" content=\"Assistance et d\u00e9pannage informatique \u00e0 Romans, Bourg-de-P\u00e9age, Pizan\u00e7on, Chatuzange - R Numerique\" \/>\n<meta property=\"og:description\" content=\"Je propose le d\u00e9pannage informatique \u00e0 Romans-sur-Is\u00e8re, Bourg-de-P\u00e9age, Pizan\u00e7on et Chatuzange-le-Goubet.R Numerique en tant que sp\u00e9cialiste informatique local, je suis \u00e0 votre disposition pour r\u00e9parer et entretenir votre ordinateur portable, PC ou Mac. Que vous soyez particulier ou professionnel, je me d\u00e9place chez vous ou vous accueille dans mon atelier pour une intervention rapide et [&hellip;]\" \/>\n<meta property=\"og:url\" content=\"https:\/\/www.rnumerique.fr\/index.php\/assistance-et-depannage-informatique-a-romans-bourg-de-peage-pizancon-chatuzange\/\" \/>\n<meta property=\"og:site_name\" content=\"R Numerique\" \/>\n<meta property=\"article:modified_time\" content=\"2025-09-12T07:49:55+00:00\" \/>\n<meta name=\"twitter:card\" content=\"summary_large_image\" \/>\n<meta name=\"twitter:label1\" content=\"Dur\u00e9e de lecture estim\u00e9e\" \/>\n\t<meta name=\"twitter:data1\" content=\"1 minute\" \/>\n<script type=\"application\/ld+json\" class=\"yoast-schema-graph\">{\"@context\":\"https:\/\/schema.org\",\"@graph\":[{\"@type\":\"WebPage\",\"@id\":\"https:\/\/www.rnumerique.fr\/index.php\/assistance-et-depannage-informatique-a-romans-bourg-de-peage-pizancon-chatuzange\/\",\"url\":\"https:\/\/www.rnumerique.fr\/index.php\/assistance-et-depannage-informatique-a-romans-bourg-de-peage-pizancon-chatuzange\/\",\"name\":\"Assistance et d\u00e9pannage informatique \u00e0 Romans, Bourg-de-P\u00e9age, Pizan\u00e7on, Chatuzange - R Numerique\",\"isPartOf\":{\"@id\":\"https:\/\/www.rnumerique.fr\/#website\"},\"datePublished\":\"2025-09-12T07:49:53+00:00\",\"dateModified\":\"2025-09-12T07:49:55+00:00\",\"breadcrumb\":{\"@id\":\"https:\/\/www.rnumerique.fr\/index.php\/assistance-et-depannage-informatique-a-romans-bourg-de-peage-pizancon-chatuzange\/#breadcrumb\"},\"inLanguage\":\"fr-FR\",\"potentialAction\":[{\"@type\":\"ReadAction\",\"target\":[\"https:\/\/www.rnumerique.fr\/index.php\/assistance-et-depannage-informatique-a-romans-bourg-de-peage-pizancon-chatuzange\/\"]}]},{\"@type\":\"BreadcrumbList\",\"@id\":\"https:\/\/www.rnumerique.fr\/index.php\/assistance-et-depannage-informatique-a-romans-bourg-de-peage-pizancon-chatuzange\/#breadcrumb\",\"itemListElement\":[{\"@type\":\"ListItem\",\"position\":1,\"name\":\"Home\",\"item\":\"https:\/\/www.rnumerique.fr\/\"},{\"@type\":\"ListItem\",\"position\":2,\"name\":\"Assistance et d\u00e9pannage informatique \u00e0 Romans, Bourg-de-P\u00e9age, Pizan\u00e7on, Chatuzange\"}]},{\"@type\":\"WebSite\",\"@id\":\"https:\/\/www.rnumerique.fr\/#website\",\"url\":\"https:\/\/www.rnumerique.fr\/\",\"name\":\"R Numerique\",\"description\":\"R\u00e9paration Ordinateur Valence\",\"potentialAction\":[{\"@type\":\"SearchAction\",\"target\":{\"@type\":\"EntryPoint\",\"urlTemplate\":\"https:\/\/www.rnumerique.fr\/?s={search_term_string}\"},\"query-input\":\"required name=search_term_string\"}],\"inLanguage\":\"fr-FR\"}]}<\/script>\n<!-- \/ Yoast SEO plugin. -->","yoast_head_json":{"title":"Assistance et d\u00e9pannage informatique \u00e0 Romans, Bourg-de-P\u00e9age, Pizan\u00e7on, Chatuzange - R Numerique","robots":{"index":"index","follow":"follow","max-snippet":"max-snippet:-1","max-image-preview":"max-image-preview:large","max-video-preview":"max-video-preview:-1"},"canonical":"https:\/\/www.rnumerique.fr\/index.php\/assistance-et-depannage-informatique-a-romans-bourg-de-peage-pizancon-chatuzange\/","og_locale":"fr_FR","og_type":"article","og_title":"Assistance et d\u00e9pannage informatique \u00e0 Romans, Bourg-de-P\u00e9age, Pizan\u00e7on, Chatuzange - R Numerique","og_description":"Je propose le d\u00e9pannage informatique \u00e0 Romans-sur-Is\u00e8re, Bourg-de-P\u00e9age, Pizan\u00e7on et Chatuzange-le-Goubet.R Numerique en tant que sp\u00e9cialiste informatique local, je suis \u00e0 votre disposition pour r\u00e9parer et entretenir votre ordinateur portable, PC ou Mac. Que vous soyez particulier ou professionnel, je me d\u00e9place chez vous ou vous accueille dans mon atelier pour une intervention rapide et [&hellip;]","og_url":"https:\/\/www.rnumerique.fr\/index.php\/assistance-et-depannage-informatique-a-romans-bourg-de-peage-pizancon-chatuzange\/","og_site_name":"R Numerique","article_modified_time":"2025-09-12T07:49:55+00:00","twitter_card":"summary_large_image","twitter_misc":{"Dur\u00e9e de lecture estim\u00e9e":"1 minute"},"schema":{"@context":"https:\/\/schema.org","@graph":[{"@type":"WebPage","@id":"https:\/\/www.rnumerique.fr\/index.php\/assistance-et-depannage-informatique-a-romans-bourg-de-peage-pizancon-chatuzange\/","url":"https:\/\/www.rnumerique.fr\/index.php\/assistance-et-depannage-informatique-a-romans-bourg-de-peage-pizancon-chatuzange\/","name":"Assistance et d\u00e9pannage informatique \u00e0 Romans, Bourg-de-P\u00e9age, Pizan\u00e7on, Chatuzange - R Numerique","isPartOf":{"@id":"https:\/\/www.rnumerique.fr\/#website"},"datePublished":"2025-09-12T07:49:53+00:00","dateModified":"2025-09-12T07:49:55+00:00","breadcrumb":{"@id":"https:\/\/www.rnumerique.fr\/index.php\/assistance-et-depannage-informatique-a-romans-bourg-de-peage-pizancon-chatuzange\/#breadcrumb"},"inLanguage":"fr-FR","potentialAction":[{"@type":"ReadAction","target":["https:\/\/www.rnumerique.fr\/index.php\/assistance-et-depannage-informatique-a-romans-bourg-de-peage-pizancon-chatuzange\/"]}]},{"@type":"BreadcrumbList","@id":"https:\/\/www.rnumerique.fr\/index.php\/assistance-et-depannage-informatique-a-romans-bourg-de-peage-pizancon-chatuzange\/#breadcrumb","itemListElement":[{"@type":"ListItem","position":1,"name":"Home","item":"https:\/\/www.rnumerique.fr\/"},{"@type":"ListItem","position":2,"name":"Assistance et d\u00e9pannage informatique \u00e0 Romans, Bourg-de-P\u00e9age, Pizan\u00e7on, Chatuzange"}]},{"@type":"WebSite","@id":"https:\/\/www.rnumerique.fr\/#website","url":"https:\/\/www.rnumerique.fr\/","name":"R Numerique","description":"R\u00e9paration Ordinateur Valence","potentialAction":[{"@type":"SearchAction","target":{"@type":"EntryPoint","urlTemplate":"https:\/\/www.rnumerique.fr\/?s={search_term_string}"},"query-input":"required name=search_term_string"}],"inLanguage":"fr-FR"}]}},"_links":{"self":[{"href":"https:\/\/www.rnumerique.fr\/index.php\/wp-json\/wp\/v2\/pages\/1692"}],"collection":[{"href":"https:\/\/www.rnumerique.fr\/index.php\/wp-json\/wp\/v2\/pages"}],"about":[{"href":"https:\/\/www.rnumerique.fr\/index.php\/wp-json\/wp\/v2\/types\/page"}],"author":[{"embeddable":true,"href":"https:\/\/www.rnumerique.fr\/index.php\/wp-json\/wp\/v2\/users\/1"}],"replies":[{"embeddable":true,"href":"https:\/\/www.rnumerique.fr\/index.php\/wp-json\/wp\/v2\/comments?post=1692"}],"version-history":[{"count":1,"href":"https:\/\/www.rnumerique.fr\/index.php\/wp-json\/wp\/v2\/pages\/1692\/revisions"}],"predecessor-version":[{"id":1693,"href":"https:\/\/www.rnumerique.fr\/index.php\/wp-json\/wp\/v2\/pages\/1692\/revisions\/1693"}],"wp:attachment":[{"href":"https:\/\/www.rnumerique.fr\/index.php\/wp-json\/wp\/v2\/media?parent=1692"}],"curies":[{"name":"wp","href":"https:\/\/api.w.org\/{rel}","templated":true}]}}